est common divisor of 196 and 38?
2
What is the highest common divisor of 279 and 5283?
9
Calculate the highest common factor of 1 and 2473.
1
Calculate the greatest common factor of 172431 and 63.
63
Calculate the highest common factor of 984 and 1010076.
492
Calculate the highest common divisor of 29880 and 210.
30
Calculate the greatest common divisor of 2862 and 2226.
318
Calculate the highest common divisor of 848 and 117448.
424
What is the highest common divisor of 23653 and 3255?
217
What is the greatest common divisor of 5512 and 530?
106
Calculate the highest common factor of 238 and 18734.
34
What is the greatest common factor of 101 and 37673?
101
What is the greatest common divisor of 936 and 369?
9
What is the highest common factor of 16150 and 911200?
850
What is the highest common factor of 198990 and 10?
10
What is the greatest common divisor of 532 and 12388?
76
Calculate the greatest common divisor of 20 and 1500.
20
What is the greatest common factor of 142809 and 5523?
789
Calculate the highest common divisor of 8139585 and 345.
345
What is the greatest common factor of 239 and 152960?
239
Calculate the highest common factor of 1165028 and 28.
4
What is the highest common divisor of 432 and 15363?
27
What is the highest common factor of 3633 and 861?
21
What is the highest common divisor of 595 and 5593?
119
Calculate the greatest common factor of 542206 and 14.
14
Calculate the highest common divisor of 45 and 2435.
5
What is the greatest common divisor of 231 and 1193610?
33
What is the greatest common divisor of 14766 and 345?
69
What is the greatest common divisor of 129 and 101566?
43
Calculate the greatest common factor of 983806 and 356.
178
What is the highest common factor of 21 and 10913?
7
What is the greatest common factor of 252 and 12124?
28
What is the highest common divisor of 629893 and 5709?
1903
What is the highest common factor of 12352 and 19200?
64
What is the highest common divisor of 440 and 1798984?
88
What is the greatest common factor of 11014883 and 11?
11
Calculate the greatest common factor of 67799 and 27389.
449
What is the highest common divisor of 121576 and 3006?
334
Calculate the highest common divisor of 19740 and 30240.
420
Calculate the greatest common divisor of 89962 and 93.
31
What is the highest common factor of 212 and 28991?
53
What is the highest common divisor of 563675 and 70?
35
Calculate the highest common divisor of 975660 and 20.
20
Calculate the highest common factor of 1000 and 680750.
250
What is the highest common divisor of 784 and 97118?
98
Calculate the greatest common divisor of 104841 and 27.
27
What is the greatest common divisor of 10 and 8635?
5
What is the greatest common divisor of 253539 and 394?
197
What is the highest common factor of 2515914 and 72?
18
What is the greatest common divisor of 30 and 53440?
10
What is the highest common divisor of 27876 and 7268?
92
Calculate the greatest common divisor of 832 and 3900.
52
What is the highest common factor of 532 and 57904?
28
What is the highest common divisor of 60 and 1163730?
30
Calculate the highest common divisor of 10134 and 6336.
18
What is the highest common divisor of 2450 and 126350?
350
Calculate the greatest common factor of 112 and 1214500.
28
Calculate the highest common divisor of 41 and 19024.
41
Calculate the highest common divisor of 80 and 250064.
16
What is the highest common divisor of 79572 and 3648?
228
Calculate the greatest common factor of 96 and 241536.
96
Calculate the highest common divisor of 261845 and 2.
1
Calculate the highest common divisor of 2511 and 807705.
837
What is the highest common divisor of 270 and 43110?
90
Calculate the highest common divisor of 618170 and 56.
14
What is the highest common divisor of 266 and 430?
2
What is the highest common factor of 73748 and 412?
412
What is the greatest common divisor of 5 and 441040?
5
Calculate the highest common factor of 1646 and 4.
2
What is the greatest common divisor of 715742 and 113?
113
What is the greatest common divisor of 3198258 and 378?
378
Calculate the greatest common divisor of 1199 and 6941.
11
Calculate the greatest common factor of 4200 and 2744.
56
Calculate the highest common factor of 218 and 93958.
218
Calculate the highest common factor of 410 and 17343.
41
Calculate the greatest common divisor of 374544 and 64.
16
What is the highest common factor of 587712 and 192?
192
Calculate the highest common divisor of 13813 and 323.
19
Calculate the greatest common divisor of 187077 and 363.
33
What is the highest common factor of 1320 and 180?
60
Calculate the greatest common factor of 813 and 2200791.
813
What is the highest common divisor of 59694 and 102?
6
Calculate the greatest common factor of 112750 and 533.
41
Calculate the greatest common divisor of 6724 and 23944.
164
Calculate the highest common divisor of 148002 and 1411.
17
Calculate the highest common divisor of 663 and 8381.
17
Calculate the highest common divisor of 18 and 6841.
1
What is the highest common divisor of 687 and 13434?
3
Calculate the highest common factor of 900 and 132.
12
What is the highest common factor of 780 and 250770?
390
What is the greatest common divisor of 153841 and 1?
1
What is the greatest common divisor of 297666 and 13248?
414
What is the greatest common divisor of 16 and 483712?
16
What is the highest common divisor of 21 and 16032?
3
What is the greatest common divisor of 59161 and 201?
67
Calculate the greatest common factor of 550 and 5836600.
550
Calculate the greatest common factor of 9869 and 695.
139
What is the greatest common divisor of 2538 and 6210?
54
What is the greatest common factor of 88 and 66968?
88
Calculate the highest common divisor of 1334 and 251620.
46
What is the greatest common factor of 1722 and 3752238?
1722
Calculate the greatest common divisor of 3919912 and 8.
8
What is the greatest common divisor of 111710 and 4?
2
What is the greatest common divisor of 11 and 438031?
11
Calculate the greatest common divisor of 176 and 73832.
88
What is the highest common factor of 136 and 432616?
136
Calculate the greatest common factor of 52 and 7969.
13
Calculate the highest common divisor of 163879 and 464.
29
What is the greatest common divisor of 592 and 912?
16
Calculate the highest common factor of 2 and 3242.
2
Calculate the highest common factor of 15488 and 2068.
44
What is the greatest common divisor of 17752228 and 1196?
1196
Calculate the greatest common factor of 8674810 and 610.
610
Calculate the highest common divisor of 1743 and 273.
21
What is the highest common factor of 4 and 1669?
1
What is the greatest common divisor of 62 and 2086?
2
What is the greatest common factor of 288256 and 11264?
512
Calculate the greatest common factor of 5 and 148555.
5
Calculate the greatest common factor of 1990 and 4828735.
995
Calculate the highest common divisor of 143 and 77584.
13
What is the greatest common divisor of 498 and 1338?
6
Calculate the greatest common divisor of 160 and 765220.
20
What is the highest common divisor of 183 and 2623?
61
What is the greatest common divisor of 1096 and 568?
8
Calculate the greatest common factor of 369 and 4581.
9
What is the greatest common factor of 2180 and 6400?
20
What is the highest common factor of 1152 and 70128?
144
What is the highest common divisor of 885 and 895?
5
What is the greatest common divisor of 8421 and 756?
21
Calculate the highest common factor of 53920 and 120.
40
What is the greatest common divisor of 117845 and 962?
481
Calculate the highest common divisor of 84 and 1212582.
42
What is the highest common factor of 14141 and 69757?
79
Calculate the greatest common divisor of 5 and 218260.
5
What is the greatest common factor of 374391 and 459?
153
Calculate the greatest common factor of 750 and 6.
6
What is the highest common divisor of 1599 and 23411?
41
Calculate the greatest common factor of 1125 and 5040.
45
What is the greatest common factor of 632 and 52219?
79
What is the greatest common factor of 64652 and 8?
4
Calculate the highest common factor of 2064 and 4257.
129
Calculate the greatest common divisor of 80155 and 1435.
205
Calculate the highest common divisor of 192 and 198.
6
Calculate the greatest